highest common divisor of r and 9?
9
Let b be 4*(-7 - (-3 - -1))*-2. What is the highest common divisor of b and 16?
8
Let l = 105 - -45. What is the greatest common factor of 15 and l?
15
Let g = -1 + 5. Suppose 4*o + 2*j = g*j + 150, -192 = -5*o + 4*j. Suppose 0 = -2*q - 14 + o. What is the greatest common divisor of q and 11?
11
Suppose 6*h - h = 60. Let w(d) = -d**3 + 11*d**2 + 16*d + 3. Let v be w(h). Suppose 0 = 5*b + 10 - 95. What is the greatest common factor of v and b?
17
Let q(u) = -u - 1. Let s be q(-1). Suppose s = 4*r + 4 + 4. Let y(w) = -42*w. Let h be y(r). What is the greatest common factor of h and 12?
12
Let a(j) = j + 8*j**2 + j**2 - 4*j - j**3 + 10 - 4. Let y be a(5). Calculate the highest common divisor of y and 13.
13
Let y be 4 + (-3 - (-4)/2). Suppose 20*u - 7*u = 39. What is the highest common factor of u and y?
3
Let w = 118 - 78. Let x = 32 - 16. Calculate the highest common factor of x and w.
8
Suppose -2*i + 400 = 3*i. Calculate the highest common divisor of i and 20.
20
Let p be 104/(-12) + 2/(-6). Let q(o) = o + 13. Let y be q(p). What is the greatest common factor of y and 6?
2
Let h = -7 - -3. Let u = h - -10. Let g(m) = m**3 - 7*m**2 + 8*m - 5. Let x be g(u). What is the highest common factor of x and 49?
7
Suppose -2 = -4*b - 3*m - 1, -5*b - 5*m - 5 = 0. What is the greatest common factor of b and 6?
2
Let r be 12/2*6/9. What is the highest common factor of 28 and r?
4
Let k(w) = 5*w + 1. Suppose -4*s - 5 = -z, s + 5 = 2*z - 2*s. Let l be k(z). What is the greatest common divisor of l and 60?
6
Let s(d) = d**2 + 5*d - 9. Let w be s(-7). Let q = 0 + w. What is the greatest common factor of 10 and q?
5
Let o(u) = -u**3 + 6*u**2 - 3*u + 4. Let f be o(4). What is the greatest common divisor of 216 and f?
24
Suppose z + 2*z = 204. Let y = z + -38. Let w = 28 - 16. Calculate the greatest common divisor of y and w.
6
Let s(g) = -g**3 - 4*g**2 + g + 1. Let p be s(-5). Let h be (-10)/(-15)*147/14. What is the greatest common factor of h and p?
7
Suppose -2*p - 11 + 61 = 0. Suppose 2*o = -g - 0*g + 9, 4*g - 3*o = p. What is the greatest common divisor of g and 56?
7
Let j = 42 - 40. Calculate the greatest common divisor of 22 and j.
2
Let j(z) = -2*z**2 - 4*z + 1. Let p be j(-2). What is the highest common divisor of 5 and p?
1
Suppose -y + 7*j - 2*j + 19 = 0, 0 = -4*y - 5*j + 51. Let d = 140 - 98. What is the greatest common factor of y and d?
14
Let n(t) = t**3 - 10*t**2 - 2*t + 24. Let w be n(10). Let p(r) = -r. Let v be p(-2). Let o be -1*(v - 2 - 1). Calculate the highest common divisor of o and w.
1
Let i be 7*(-4 + (-155)/(-35)). Suppose 0 = -3*y + 96 - 33. What is the highest common divisor of y and i?
3
Let b be (3/6)/((-3)/(-12)). Suppose b*z = z + 56. Let j = -2 + 10. Calculate the highest common factor of j and z.
8
Let b be (-80)/12*(-3)/1. Let l = b + -10. Calculate the greatest common divisor of l and 110.
10
Let y be (88/(-16) - -4)/(3/(-2)). What is the greatest common factor of 5 and y?
1
Suppose 5*y + 17 + 8 = 4*t, 26 = 5*t - y. Suppose -9 = -t*w + 1. Let o(j) = j + 6. Let s be o(-4). What is the greatest common divisor of w and s?
2
Suppose -2*d - 5*l + 480 = 0, d - 1200 = -4*d + 3*l. Suppose -d = -m - 3*m. Let b be ((-8)/6)/(1/(-18)). Calculate the greatest common divisor of m and b.
12
Suppose 3*t - 3*p = -t + 5, -5 = 4*t - 5*p. Calculate the highest common divisor of 65 and t.
5
Let z(n) = -4*n - 8. Suppose -35 = 4*b + b. Let s be z(b). What is the greatest common factor of s and 10?
10
Let i(o) = 2*o**2 - 2*o + 2. Let w be i(4). What is the greatest common factor of w and 13?
13
Let z(r) = r + 10. Let v be z(-6). Calculate the highest common factor of v and 3.
1
Suppose -4*d = -3*d + 8. Let p be 1 - 1 - (-11 - d). Calculate the highest common divisor of 12 and p.
3
Let x(p) = -p**3 - 17*p**2 - 23*p - 24. Let s be x(-16). Calculate the highest common factor of 11 and s.
11
Suppose -1 = -i - 0*i. Suppose -i = -2*h + 5. Suppose 5 = -p, -4*x + 4 = 5*p - h. Calculate the highest common divisor of 20 and x.
4
Let c(o) = 8*o**2 - 7*o + 3. Let l be c(3). Calculate the greatest common factor of 6 and l.
6
Let a = -56 + 65. Let z(x) = -x**3 - 5*x**2 - 8*x - 4. Let o be z(-5). Calculate the greatest common factor of a and o.
9
Let q be 8/5*(-20)/(-4). Let b(i) = -16*i - 9. Let f be b(-9). Suppose 217 = 4*c - f. Calculate the greatest common divisor of c and q.
8
Let x be 20/(5/7*(-6)/(-15)). Calculate the greatest common factor of x and 10.
10
Suppose -3*m = -m + 6, -3*t = 2*m - 42. Let a be 169 + (0 - 1) + 48/6. What is the highest common factor of t and a?
16
Suppose 0 = -3*v + 12, 4*v + 2042 + 324 = 3*s. Let o be 12/20 - s/(-10). What is the highest common divisor of o and 20?
20
Let j be 14/(-63) - (-40)/18. Suppose 12 = j*s - 4. What is the greatest common divisor of 24 and s?
8
Suppose 6 = y + 3. Suppose -5*k = -5 - 10. Suppose -2*l + 3*l = 5*p + 1, -k*p - 9 = -l. Calculate the greatest common factor of l and y.
3
Let q be 129/4 + 3/(-12). Let a be 1/(-2) - (-15)/(-6). Let g = a - -11. What is the highest common divisor of g and q?
8
Suppose -2*r = n - 2*n - 6, -5*n - 4*r + 26 = 0. Let g = -14 - -20. Let k be ((-1)/(-2))/(1/g). Calculate the greatest common divisor of k and n.
1
Let t = 33 + -8. What is the highest common factor of 150 and t?
25
Let i(b) = b**3 - 12*b**2 - b + 15. Let p be i(12). What is the greatest common divisor of 12 and p?
3
Suppose s + 4*t - 44 = 0, s + t - 5*t - 36 = 0. Let r = -1 + 5. Suppose -u + 1 = -r. What is the highest common factor of u and s?
5
Suppose -22 = -b - 1. Let t be ((-1)/3)/(1/(-21)). Calculate the highest common divisor of b and t.
7
Let y(l) = 6*l**2 + 4*l + 2. Let p(u) = -u. Let k be p(2). Let c be y(k). Let j = 46 - -8. What is the highest common divisor of j and c?
18
Suppose 7*n - 2*n = 0. Suppose 2*i = -2*l + 26, n = -i + 4*l + 3 - 15. What is the greatest common factor of 8 and i?
8
Suppose -5*z = 0, -4*k + 2*z - 3*z = -360. Let x(l) = -l**2 + 8*l - 2. Let f be x(6). What is the highest common divisor of k and f?
10
Let m = 99 - -11. Let j = m - 69. Suppose -z - 3 = -3*n, 5*z - j = -4*n + 5*n. What is the greatest common factor of z and 6?
3
Let l = -12 + 20. Let x be -4*(4/l - 1). Let b(z) = -5*z - 6. Let r be b(-4). What is the greatest common factor of r and x?
2
Suppose 0*a + 85 = 5*a. Suppose 34 + 17 = 3*u. Calculate the greatest common divisor of a and u.
17
Let r(f) = -2*f**2 - 9*f + 1. Let n be r(-7). Let d be n*-1*2/4. Let b be (-2)/6 + 104/6. What is the highest common divisor of b and d?
17
Let d(f) = -f**2 - 7*f - 4. Let i be d(-5). What is the highest common divisor of 48 and i?
6
Suppose 4*h - 2*f = 3*f + 135, 3*h - 4*f = 100. Calculate the greatest common factor of h and 16.
8
Let q(i) = -i**3 - 16*i**2 + 13. Let d be q(-16). Let m = d + -12. What is the greatest common divisor of m and 7?
1
Let g(q) = -q**3 - 7*q**2 - 8*q - 9. Let b be g(-6). Let k = -28 - -40. Calculate the greatest common factor of b and k.
3
Suppose n - 17 = 5*p, 5*p = -3 - 2. What is the highest common factor of 24 and n?
12
Suppose -6 + 51 = 5*t + 4*q, 2*t - 41 = 3*q. Calculate the highest common factor of t and 13.
13
Let o be ((-9)/6)/((-12)/112). Suppose -260 = -2*w + 406. Suppose n - 3*n + 5*z + w = 0, n = -3*z + 139. What is the highest common factor of n and o?
14
Let l = 114 - 104. Calculate the highest common divisor of 90 and l.
10
Let g = 10 - -89. Calculate the highest common factor of 66 and g.
33
Suppose -2*q - 28 + 90 = 3*r, q + 50 = 3*r. What is the highest common factor of 9 and r?
9
Suppose -w - 53 = -5*w + q, 2*w + 5*q + 1 = 0. Suppose 5*b - w - 13 = 0. What is the greatest common divisor of 5 and b?
5
Suppose 0*l - l - 51 = 0. Let t be 26/2 + 0 + -1. Let d = t - l. Calculate the greatest common factor of d and 7.
7
Let a(n) = n + 12. Let f be a(6). Calculate the greatest common factor of f and 9.
9
Let p(b) = -2*b**3 - 3*b**2. Let o be p(-2). Suppose 5 + 3 = o*g. What is the greatest common factor of 3 and g?
1
Let i(a) = a**3 - 2*a**2 + a + 2. Let l be i(2). Suppose c - 5 = l. Calculate the greatest common divisor of 45 and c.
9
Let x(j) = 4*j - 1. Let s be x(1). Suppose 2*w - 160 = -2*w. Suppose -s*l + w = 2*l. Calculate the highest com